 common factor of 7 and 133?
7
What is the greatest common divisor of 5 and 955?
5
Calculate the highest common factor of 851 and 23.
23
What is the greatest common factor of 1647 and 27?
27
Calculate the greatest common divisor of 34 and 884.
34
Calculate the greatest common divisor of 39 and 36.
3
What is the highest common factor of 6348 and 48?
12
What is the greatest common divisor of 1835 and 5?
5
Calculate the greatest common divisor of 148 and 8732.
148
What is the greatest common divisor of 7 and 2513?
7
Calculate the highest common factor of 7 and 927.
1
What is the greatest common factor of 33264 and 42?
42
What is the greatest common divisor of 22 and 1826?
22
What is the greatest common factor of 6464 and 303?
101
What is the highest common divisor of 4977 and 119?
7
Calculate the highest common factor of 140 and 301.
7
Calculate the highest common factor of 123182 and 34.
34
Calculate the highest common divisor of 720 and 126.
18
What is the greatest common divisor of 10503 and 27?
27
What is the highest common factor of 151 and 3473?
151
Calculate the greatest common factor of 50 and 850.
50
What is the greatest common factor of 320 and 700?
20
What is the highest common factor of 14 and 42?
14
What is the greatest common divisor of 5 and 2?
1
Calculate the greatest common factor of 13846 and 344.
86
Calculate the highest common factor of 44 and 836.
44
Calculate the greatest common factor of 722 and 38.
38
Calculate the highest common factor of 15865 and 95.
95
Calculate the greatest common factor of 99 and 31944.
33
Calculate the greatest common factor of 64 and 3104.
32
Calculate the greatest common factor of 451 and 143.
11
What is the greatest common factor of 3 and 15999?
3
What is the highest common divisor of 5405 and 345?
115
Calculate the greatest common factor of 1296 and 1368.
72
Calculate the highest common divisor of 30 and 170.
10
What is the highest common factor of 63 and 72?
9
Calculate the greatest common divisor of 86 and 7.
1
What is the greatest common divisor of 14 and 36155?
7
Calculate the greatest common divisor of 100 and 450.
50
What is the greatest common divisor of 224 and 7?
7
Calculate the highest common divisor of 2 and 53.
1
What is the highest common divisor of 382 and 16617?
191
What is the highest common factor of 2599 and 23?
23
What is the highest common divisor of 62 and 248?
62
What is the greatest common factor of 34 and 2?
2
What is the highest common divisor of 1265 and 11?
11
What is the highest common divisor of 1267 and 7?
7
Calculate the greatest common divisor of 248 and 155.
31
What is the highest common divisor of 232 and 4408?
232
What is the greatest common divisor of 1139 and 17?
17
Calculate the highest common divisor of 1535 and 5.
5
Calculate the greatest common divisor of 23 and 3.
1
What is the highest common divisor of 84 and 7539?
21
What is the highest common divisor of 10420 and 100?
20
What is the highest common factor of 10 and 7690?
10
Calculate the highest common divisor of 3741 and 174.
87
What is the highest common factor of 26 and 104?
26
Calculate the highest common factor of 48 and 48.
48
Calculate the greatest common factor of 31670 and 10.
10
Calculate the highest common factor of 658 and 56.
14
What is the greatest common divisor of 2268 and 28?
28
Calculate the highest common factor of 31 and 34193.
31
Calculate the greatest common divisor of 36 and 306.
18
What is the highest common divisor of 6149 and 429?
143
Calculate the highest common divisor of 108 and 414.
18
What is the greatest common divisor of 8 and 1?
1
What is the greatest common factor of 39 and 2119?
13
What is the highest common divisor of 7637 and 14?
7
Calculate the greatest common factor of 3782 and 610.
122
Calculate the highest common divisor of 7743 and 174.
87
What is the greatest common factor of 17677 and 22?
11
What is the greatest common divisor of 120 and 570?
30
What is the greatest common factor of 225 and 125?
25
What is the greatest common factor of 312 and 24?
24
Calculate the highest common factor of 100 and 60.
20
What is the greatest common divisor of 172 and 16340?
172
Calculate the greatest common factor of 336 and 126.
42
Calculate the highest common divisor of 648 and 9.
9
What is the greatest common divisor of 123 and 3977?
41
Calculate the highest common factor of 4050 and 25.
25
Calculate the greatest common factor of 55 and 407.
11
What is the highest common divisor of 703 and 19?
19
What is the greatest common divisor of 129 and 301?
43
What is the highest common divisor of 26 and 416?
26
What is the greatest common factor of 15 and 515?
5
Calculate the greatest common factor of 529 and 23.
23
What is the highest common divisor of 6527 and 107?
107
What is the highest common factor of 40 and 6410?
10
What is the highest common factor of 270 and 190?
10
What is the greatest common factor of 989 and 43?
43
Calculate the greatest common factor of 45 and 90.
45
Calculate the highest common divisor of 19470 and 66.
66
What is the greatest common factor of 36 and 19314?
18
What is the greatest common divisor of 366 and 2257?
61
Calculate the highest common factor of 261 and 377.
29
What is the greatest common factor of 8 and 212?
4
What is the greatest common divisor of 18 and 90?
18
Calculate the highest common divisor of 21 and 672.
21
What is the greatest common factor of 6631 and 3490?
349
What is the highest common divisor of 36 and 1800?
36
Calculate the highest common divisor of 192 and 24.
24
Calculate the highest common factor of 105 and 75.
15
Calculate the highest common factor of 198 and 15642.
198
What is the highest common divisor of 219 and 511?
73
What is the greatest common factor of 172 and 2494?
86
What is the greatest common divisor of 600 and 168?
24
What is the greatest common divisor of 35 and 91?
7
Calculate the greatest common factor of 128 and 24.
8
Calculate the greatest common divisor of 8 and 16.
8
Calculate the highest common divisor of 323 and 703.
19
What is the highest common factor of 5250 and 60?
30
Calculate the greatest common factor of 48 and 23052.
12
What is the greatest common factor of 35 and 21?
7
Calculate the highest common divisor of 12 and 514.
2
What is the highest common divisor of 75 and 150?
75
What is the highest common factor of 84 and 105?
21
What is the highest common factor of 232 and 27724?
116
What is the greatest common factor of 11 and 3223?
11
Calculate the greatest common factor of 44 and 3014.
22
What is the greatest common factor of 29 and 783?
29
Calculate the greatest common factor of 24 and 84.
12
Calculate the highest common factor of 33 and 51.
3
What is the greatest common factor of 30 and 3810?
30
What is the greatest common divisor of 8 and 26?
2
What is the highest common factor of 39 and 143?
13
Calculate the greatest common factor of 2413 and 57.
19
Calculate the highest common factor of 3846 and 54.
6
Calculate the greatest common factor of 252 and 909.
9
What is the greatest common factor of 38864 and 112?
112
Calculate the greatest common factor of 128 and 4.
4
What is the highest common divisor of 260 and 78?
26
Calculate the greatest common factor of 250 and 10.
10
Calculate the highest common divisor of 272 and 34.
34
Calculate the highest common factor of 7497 and 9.
9
What is the highest common factor of 10481 and 94?
47
What is the greatest common factor of 200 and 4050?
50
Calculate the highest common divisor of 355 and 2.
1
Calculate the highest common factor of 16 and 88.
8
Calculate the greatest common divisor of 16 and 316.
4
What is the greatest common divisor of 171 and 304?
19
What is the highest common divisor of 12 and 38508?
12
What is the highest common factor of 16 and 152?
8
What is the highest common divisor of 40 and 1720?
40
Calculate the highest common divisor of 680 and 120.
40
What is the highest common factor of 9184 and 160?
32
What is the greatest common divisor of 18 and 441?
9
What is the highest common factor of 11 and 341?
11
Calculate the greatest common factor of 7056 and 1056.
48
Calculate the greatest common divisor of 60 and 3585.
15
What is the highest common factor of 1672 and 5643?
209
Calculate the greatest common divisor of 16 and 80.
16
Cal